 digit of g(-4)?
9
Suppose -5*n - 4*z = -2826, -n + 0*n = -z - 558. What is the tens digit of n?
6
Let h(l) = 4*l**2 - 11*l - 49. What is the hundreds digit of h(-13)?
7
Let f be 2 + 0/(-3) + (7 - 5). Suppose -5*u + r = -168, 2*r - 84 = -f*u + 42. What is the tens digit of u?
3
Let u(t) = t**3 + 21*t**2 - 9*t + 55. What is the hundreds digit of u(-17)?
3
Let z be (-13)/(-78) + (-11)/(-6). Suppose 0 = -4*s + z*n + 2, -4*s + s - n = -14. Suppose -h - 20 = -t, 4*h - s*h = 2. What is the tens digit of t?
2
Suppose 4*c - 5*m - 817 = 0, -4*c - 3*m = -m - 838. Suppose 2*i - 4 = 0, 4*i + c = 2*g - i. What is the units digit of g?
9
Let d(i) = 2*i - 8*i - i - 5. What is the units digit of d(-13)?
6
Suppose y - 10 = -5. Suppose -27 = t - 5*m - y, 0 = -5*t - 5*m + 40. Suppose -l = t*l + 20, 3*l = -n - 6. What is the units digit of n?
9
Let x = 15 + -36. Let b be 0*(x/9 + 2). Suppose -j + b = -20. What is the units digit of j?
0
Suppose -1200 = -14*t + 3560. What is the units digit of t?
0
Let h = 2 + 3. Suppose 0*j + h*j = 0. Suppose j*k = -3*k + 18. What is the units digit of k?
6
Suppose i - 3*y - 1044 = 283, 5*y - 6635 = -5*i. What is the thousands digit of i?
1
Suppose -3*p = 4*h - 0*h + 125, 5*p + 239 = h. Let t = p - -150. What is the tens digit of t?
0
Let w = 45 - -3. What is the units digit of 34/(-3)*w/(-32)?
7
Let c(h) = 2*h - 4. Let k be c(2). Suppose k*s + 5 = -r - s, -5*r - 20 = 4*s. Suppose -2*w - 3*w + 50 = r. What is the tens digit of w?
1
Suppose 667*o = 674*o - 26187. What is the hundreds digit of o?
7
What is the units digit of (-18)/36 - 5637/(-6)?
9
Let t(p) = 3*p**2 - 56*p - 7. Let m(n) = n**2 - 19*n - 2. Let x(o) = 11*m(o) - 4*t(o). What is the tens digit of x(11)?
5
Let o(l) = 3*l + 1. Let v(w) = 2*w. Let d(m) = -4*o(m) + 7*v(m). Let q be d(5). Suppose -t + 203 = -2*c + q*c, 3*t = 9. What is the units digit of c?
0
Let h = -498 - -932. What is the hundreds digit of h?
4
Let i = 48 + -46. Suppose 6*h - 4*u = 3*h + 334, 0 = -i*h - 4*u + 236. What is the hundreds digit of h?
1
Suppose -24*b + 20 = -20*b. Suppose b*y - 9*y = -588. What is the tens digit of y?
4
Let q = 27 - 23. Suppose v + o - 6 = 6*v, -5*v - q*o = 1. Let i(x) = 9*x**2 + 3*x + 2. What is the units digit of i(v)?
8
Let m(c) = -9*c + 11. Let y(s) = -9*s + 12. Let v(o) = 5*m(o) - 4*y(o). What is the units digit of v(-3)?
4
Suppose 5*r = 3*b + 1102, 9*r - 218 = 8*r + 3*b. What is the hundreds digit of r?
2
Let o = -296 - -474. What is the units digit of o?
8
Let i(w) = -w**3 - 12*w**2 - 5*w + 16. Let u(j) = j - 20. Let f be u(8). What is the tens digit of i(f)?
7
Suppose -10*t = -14*t + 2856. Suppose -183 = 3*n - t. What is the hundreds digit of n?
1
Let j(g) be the second derivative of g**4 + g. Let w be j(1). Suppose 2*r = s - 13, -8 = -5*r + w. What is the tens digit of s?
2
Let d be ((-2)/4)/((-1)/10). Let y = 0 + d. What is the units digit of y?
5
Suppose -6*h = -1724 + 500. What is the tens digit of h?
0
Let i = 10140 - 5083. What is the hundreds digit of i?
0
Suppose 2*y - 2 = y. Let h be y + -1 + -1 + 4. What is the units digit of 0 + 1*8/h?
2
Suppose -q = -h + 1566, 0*h - 3*h + 4683 = 2*q. What is the hundreds digit of h?
5
Let d be (-12)/10*(-20)/8. Suppose d*o - 202 = o. What is the units digit of o?
1
Let y(v) = -v**3 + 6*v**2 - 7*v. Let a be y(4). What is the tens digit of (-2)/(-16)*a*56?
2
Let d(a) = 2*a**2 - 23*a - 25. What is the tens digit of d(-11)?
7
What is the tens digit of (16 - 4)/6 + 55?
5
Suppose -831*n + 821*n + 17130 = 0. What is the thousands digit of n?
1
Let d(w) = 58*w - 22*w - 32*w. What is the tens digit of d(4)?
1
Let w be 2338/63 + (-3)/27. Suppose y + 2*t - w = 0, 6*y - 3*t - 17 = 5*y. What is the units digit of y?
9
Suppose 0 = 4*z - 7 + 3, -5*s + z = -279. What is the tens digit of s?
5
Let a(l) = 44*l + 719. What is the units digit of a(9)?
5
Let j(v) = v**2 + 8*v - 36. Suppose -4*w - a - 73 = 0, -5*w = -2*a + 27 + 61. What is the hundreds digit of j(w)?
1
Let u(w) = 3*w**3 - 4*w**2 + 3*w + 19. What is the tens digit of u(11)?
6
Suppose -2*n + 5*j + 1201 = 0, -34*n - 5*j = -38*n + 2397. What is the units digit of n?
8
Let a = 181 - -647. What is the hundreds digit of a?
8
Suppose 0*v - v + 155 = x, -4*x + 616 = 2*v. What is the tens digit of x?
5
Let n be 2/14 + (-19586)/(-98). Let q = n + -125. Suppose -6*s + q = -s. What is the units digit of s?
5
Let o = 372 + -222. Let w be o/(-20)*(-16)/6. What is the units digit of ((-288)/w)/4*-5?
8
Suppose 3300 = 4*v - 2*p - 2*p, -2*v + p = -1653. What is the units digit of v?
8
Suppose -33*o = -30*o - 66. Let h(u) = u**3 - 21*u**2 - 16*u - 4. What is the hundreds digit of h(o)?
1
Suppose -2*x + 4*x + 4 = 0, 3*m = -3*x + 810. Let a = 418 - m. What is the hundreds digit of a?
1
Let h(b) = -4*b**2 + b - 11. Let s = 38 - 36. Let i(w) = -2*w**2 - 6. Let p(q) = s*h(q) - 5*i(q). What is the units digit of p(-4)?
2
Suppose n = 3 + 3. Suppose 8*t = n*t. Let s = t + 25. What is the tens digit of s?
2
What is the tens digit of (10/(-4) + 104/32)*804?
0
Suppose 50 = -t + 11*t. Suppose -2*p + 152 = -2*c - 108, 0 = t*p + 3*c - 690. What is the hundreds digit of p?
1
Suppose -4*a - 11 = 61. Let o = -71 + 129. Let n = o + a. What is the tens digit of n?
4
Let o(p) be the third derivative of p**5/30 + p**4/24 + p**3/3 - 14*p**2. Let d be o(0). Suppose -d*j = -6*j + 220. What is the tens digit of j?
5
Suppose -6*w + 3*w = 5*y + 95, y = 2*w - 19. What is the tens digit of 0 + 137 - (22 + y)?
3
Let j(d) = -d + 15. Let n be j(10). Suppose -3*o = z - 239, -o = -2*o - n*z + 61. What is the units digit of o?
1
Let l(d) = -d**2 + 12*d - 8. Let p be l(11). Suppose -3*q - 3*u - 4 = -4*q, 14 = -p*q - 4*u. What is the units digit of 5*((-26)/(-10) + q)?
3
Let h(i) = -4*i**2 + 17*i - 42 + 0 + 0*i**2 + 5*i**2. What is the tens digit of h(-20)?
1
Let n = 91 + -59. Suppose 57 = 5*m + 4*w, -5*m = 9*w - 7*w - 61. Let k = n - m. What is the units digit of k?
9
Let s = -10 - -14. Suppose -q - 250 = -s*x, 2*x - 5*q + 2*q - 130 = 0. What is the units digit of x?
2
Suppose -q - 4*o + 872 = 0, -4*o = -5*q + 4293 + 187. What is the tens digit of q?
9
Suppose -1580*h = -1571*h - 21915. What is the thousands digit of h?
2
Let y = -681 - -1595. What is the units digit of y?
4
Suppose -2*x - 25 = 5*n, -6 - 7 = x + 2*n. Let t be -14*x/2 - 1. Suppose 2*g - 6*g + t = 0. What is the units digit of g?
6
Let r be 165/25 + 3/(-5). Suppose 2*p - r*p = -96. Suppose p = 2*c - l, -c + 43 = 2*c + 2*l. What is the units digit of c?
3
What is the hundreds digit of (2 - 22/14) + (-3256)/(-14)?
2
Suppose b - 4*w = 2*b - 4172, -5*w - 20785 = -5*b. What is the units digit of b?
0
Suppose 5*h - 78 = 2*n, 2*n + 36 = -0*h + 2*h. Let q = -12 + h. What is the units digit of q/(84/39 + -2)?
3
Let z = 1176 - 727. What is the tens digit of z?
4
Suppose -4*p - 2 = -5*u, -4*u + 7 = -8*p + 3*p. Let x(t) = 4*t**3 - 4*t - 3. Let v be x(u). What is the tens digit of v*(24/(-9) + 2)?
1
What is the units digit of (-3)/15 + 91088/40?
7
Suppose -3*p - 5*h - 61 + 298 = 0, 2*h + 6 = 0. Suppose 0 = 11*n - 8*n - p. What is the tens digit of n?
2
Let d be (-11)/(-4) + 16/64. Suppose 0 = 3*u + d*c - 297, -3*c + 10 = 1. What is the units digit of u?
6
Let i = -23 + 52. Let k = i - -67. What is the units digit of k?
6
What is the hundreds digit of (-10545)/2*(-12)/(-54)*-3?
5
Let c be 3 - (5/20 + (-287)/(-4)). Let m = c - -129. What is the tens digit of m?
6
Suppose -r - 17 = 2*l - 2*r, 10 = -l + r. Let j = l + -24. Let h = 65 + j. What is the tens digit of h?
3
Suppose -32*p + 31645 = -18499. What is the thousands digit of p?
1
Let j(y) = -y**3 - 15*y**2 + y + 11. Let l be j(-15). What is the tens digit of (-3)/(3*l/108)?
2
Let t = 13 + -11. Suppose 3*x + 2*s - 120 = 0, t*x + s - 2*s - 87 = 0. What is the units digit of x?
2
Let k(h) = 3*h**2 - 16*h - 4. Let r(y) = -9*y**2 + 47*y + 11. Let z(m) = -17*k(m) - 6*r(m). What is the units digit of z(5)?
7
Suppose 5*c - 11 = -4*t + 9, 0 = 5*t. Suppose -4*r + c*l + 200 = 0, r - 54 = l - 2*l. Suppose -4*d + r = -2*d. What is the tens digit of d?
2
Let m(o) = -47*o - 10 - 43*o + 19*o. What is the units digit of m(-3)?
3
What is the thousands digit of (-2)/(-3) + 178875/81?
2
Let y = 70 - 77. What is the units digit of 3 + y - (34*-